s the hundreds digit of f?
4
Suppose 0 = -4*l + 2*l. Suppose -2*f + 10 = l, -3*i - 4*f + 86 = -3*f. What is the tens digit of i?
2
Let h be (-274)/(-6) + 4/(-6). Suppose 5*k - h = 215. What is the units digit of k?
2
Let a be (-12)/54*6 - (-217)/3. Let o(z) = -z**3 - z**2 + 133. Let s be o(0). Let i = s - a. What is the tens digit of i?
6
Let t be 3 - (0 - -2)/2. Suppose -3*w - 3*r - 15 = 0, 10 = -2*w - t*r - 3*r. Let n(f) = f**2 + 2*f + 2. What is the tens digit of n(w)?
1
Suppose 5*g - 28 = 2. Suppose -g*m + 10 = -4*m. Suppose -4*b = -n + 2, m*n + 0 - 10 = -b. What is the units digit of n?
2
Suppose -5*z + 4420 = 2*d, 4*z = -5*d - 6263 + 17330. What is the thousands digit of d?
2
What is the tens digit of 124*(-7)/(-224)*8?
3
Let y = 29 + -29. Suppose -o + 8*o - 714 = y. What is the units digit of o?
2
Let d(y) = 4*y**2 - 15*y - 12. Let h(f) = -7*f**2 + 31*f + 25. Let x(a) = 5*d(a) + 3*h(a). What is the units digit of x(16)?
7
Suppose 2*q - 4493 = -3*s, -2*s + 5*q + 2995 = 6*q. What is the tens digit of s?
9
Let z(v) = -3 - 3*v - 6 - 6*v + 4. What is the units digit of z(-8)?
7
Let g(h) be the second derivative of -2*h**3/3 - 5*h**2 - 2*h. Let t(b) = b**2 - 15*b + 19. Let x be t(13). What is the tens digit of g(x)?
1
Let a = -186 - -334. What is the tens digit of a?
4
Let c(y) = 15*y - 7. Suppose 6 = 6*t - 3*t. Suppose -s - 3*j + 13 = t*j, -2*j = 2*s - 10. What is the tens digit of c(s)?
3
Let n(q) be the second derivative of q**4/12 - q**3/3 - q**2/2 + 2*q. Suppose 0*m - 15 = 3*m. What is the tens digit of n(m)?
3
Let g(r) = 4*r - 5. Suppose -1 = 2*h - 15. Suppose -h = -4*k + 9. What is the units digit of g(k)?
1
Suppose -4*y - 634 = 3*d, -91 = 2*d + y + 340. Let u = 391 + d. What is the units digit of u?
3
What is the units digit of 2/(-2) - -2 - (-2 - 502)?
5
Suppose 0 = -3*d - 5*p + 248, -3*d + 221 + 37 = 3*p. Let a = 138 - d. What is the tens digit of a?
4
Let j(f) = 25*f - 3. Let y be j(3). Let k = -28 + y. What is the units digit of k?
4
Let x(a) be the second derivative of -a**5/20 + 11*a**4/12 - 5*a**3/2 + 10*a**2 - 8*a. What is the units digit of x(9)?
7
Let a be 3*(-7 - -2 - -3). What is the units digit of 218/3 + a/(-18)?
3
Suppose 4*f = -f + 25. Suppose i - 25 = -f*o - i, 2*i + 17 = o. What is the units digit of o?
7
Let n = 15463 - 10633. What is the tens digit of n?
3
Suppose 0*y = 4*y, 0 = 3*b - 2*y - 18. Suppose 3*h + b = -3*v - 0*h, -3*v - 7 = 4*h. What is the units digit of (-1)/v + 50/2?
6
Suppose 0 = -g - 30. Let f = g - -58. What is the units digit of f?
8
Let p = -3906 - -6634. What is the units digit of p?
8
Let p(u) = -2*u**3 + 13*u**2 - 5*u + 8. What is the units digit of p(-7)?
6
Let x be 3*14/(-12)*-2. Let i(j) = -j**3 + 8*j**2 - 5*j - 10. Let a be i(x). Suppose 5*l + 23 = 2*w, -4*l - a = -w + 9. What is the units digit of w?
9
Let u be 34/6 + (-1)/(-3). Suppose 0*r - u*r + 444 = 0. What is the tens digit of r?
7
Suppose 5*x - 5449 = 2*c + 808, 4*c = 2*x - 2490. What is the thousands digit of x?
1
Let c(h) = -h**3 + 4*h**2 - 2*h + 3. Let i be c(3). Suppose -2*p = -i*p + 216. What is the tens digit of p?
5
Suppose -17*f + 15*f = -670. What is the tens digit of f?
3
What is the tens digit of ((-228)/95)/(9/(-1635))?
3
Let q be (-1)/(-2) - (3381/(-6) + -3). Suppose 148 = 5*x - q. What is the units digit of x?
3
Let y(n) = 6*n**2 - 4*n - 5. Let p = 15 - 11. Suppose 3*b = 4*v - p, b - 5*b = -5*v + 6. What is the tens digit of y(v)?
2
Let a(x) = x + 1. Let d(g) = g + 60. Let y(v) = -2*a(v) + d(v). What is the tens digit of y(0)?
5
Let s = 3622 - 2034. What is the units digit of s?
8
Suppose -4*n = 5*f - 80, 0 = 3*n - 5*f - 25 - 0. Let j(v) = -v - v - v + n. What is the tens digit of j(-7)?
3
Let z(k) be the third derivative of 3*k**5/20 + 2*k**4/3 - 5*k**3/6 + 15*k**2. What is the units digit of z(-4)?
5
Let j be (-2)/3 + (-140)/(-12). Suppose -j - 295 = -17*q. What is the units digit of q?
8
Suppose -32*z + 25*z + 2345 = 0. Suppose s - 2*s + z = 0. What is the units digit of s?
5
Let l = 30 + -30. Suppose 2*d - 8 = l, -2*d - 423 = -3*o - 5*d. What is the hundreds digit of o?
1
Let c = -5173 - -7302. What is the units digit of c?
9
Suppose -2*p = -6*p + 76. What is the tens digit of -18 + p + 3*31?
9
Let v(n) = -2*n - 8. Let t be v(-7). Suppose t*o = 3*o + 30. Let d = o - 7. What is the units digit of d?
3
Let r(c) = 2*c - 2. Let t(u) = 2*u**2 + 8*u + 6. Let y be t(-5). Let g = 24 - y. What is the units digit of r(g)?
4
Let y(f) = 2*f**3 - 8*f**2 - 6*f + 49. What is the tens digit of y(7)?
0
Suppose -163 = 3*m - 3*l - 742, -4*l = -2*m + 378. What is the units digit of m?
7
Let o be (-4)/20 - 276/(-5). What is the tens digit of (-50)/(-4)*264/o?
6
Let c = -8 - -13. Suppose c*a = -f - 3*f + 9, 5 = 2*a + 3*f. What is the units digit of (-75)/(-20) + a/4?
4
Let r = 908 - 618. What is the hundreds digit of r?
2
Let j = 245 + -208. What is the tens digit of j?
3
Let c(i) = -i**2 - 7*i + 15. What is the units digit of c(-8)?
7
Let i = 24 + -21. Suppose -4*v + 396 = -4*f, f - i*f = 4*v - 366. Suppose 0*w - v = -2*w. What is the tens digit of w?
4
Let j(i) = -i**3 + i**2 + i + 1. Suppose 0 = 5*h - 4*h + 2*q - 4, 3*q - 7 = -2*h. Let m be j(h). Let r = 24 - m. What is the tens digit of r?
2
Let l(g) = -19*g + 4. Let b be l(-2). What is the units digit of (-4)/((-8)/b) - -3?
4
Suppose i - 3 = y + 1, 0 = -i - 3*y - 12. Suppose -22 = -n + 4*c, 2*n + 2*c = -i*n - 6. Suppose 5*d = -g + 20, -d + 27 = n*g - 22. What is the tens digit of g?
2
Let f be 25/10*(2/5 - 0). Suppose 166 - 481 = -3*t. Suppose -4*l - f = -t. What is the tens digit of l?
2
Suppose -15*i + 41778 = 10473. What is the thousands digit of i?
2
What is the tens digit of (2/(-3) + 60/45)*420?
8
What is the tens digit of (7 - -108)*14/14?
1
Suppose 0 = -6*o - 107 + 3305. What is the hundreds digit of o?
5
Let a be (1 + 3/(-3))/(-1). Suppose -4*m + 3*b = -23, a = -5*m - 4*b + b - 5. What is the units digit of 2 - -1 - (m + -28)?
9
Suppose 822 = 4*y - 174. What is the hundreds digit of y?
2
Let p(b) = -b + 45. Let g(j) = -j + 68. Let o(l) = -5*g(l) + 8*p(l). What is the units digit of o(-12)?
6
Let u = -4 + 7. Let z be (-2 - (-8)/3)*u. Suppose 5*m - 270 = 2*k, -z*k + 38 - 254 = -4*m. What is the tens digit of m?
5
Let y = 2479 - 1888. What is the units digit of y?
1
Let p(w) = w**2 - 43*w + 99. What is the tens digit of p(51)?
0
Let l(a) be the third derivative of 149*a**6/120 - a**5/60 - a**4/24 + a**3/6 + 8*a**2. What is the units digit of l(1)?
8
Let q(m) = -m**3 + 8*m**2 + 9*m + 8. Let x be q(7). What is the units digit of x/1 - (-1 - -5)?
6
Suppose -5*d - 20 = 0, i = -3*i - d - 4. Suppose -9*u + 4*u = i. Let g = u - -4. What is the units digit of g?
4
Suppose 4*o - 50 = -5*v + 3*v, 2*v - 4*o = 10. Suppose 39 = 3*s - v. What is the tens digit of s?
1
Let b be ((-6)/18 - 1)/(1/(-3)). Suppose -4*j - 516 = -b*u, -u + 5*j + 120 = j. What is the hundreds digit of u?
1
Let o(a) = -13*a**2 + 135*a - 2. What is the units digit of o(10)?
8
Let g = -10 + 13. Suppose v - 12 = -g*v. Suppose 0*i + v*i - z = 113, 5*i - 175 = -z. What is the tens digit of i?
3
Suppose -13*q + 8*q + 25 = 0. Suppose -3*i + q*i = 44. What is the tens digit of i?
2
Let w = -117 - -226. What is the tens digit of (2 + w)*(-6)/(-9)?
7
Suppose 1590 - 4100 = -5*f. What is the hundreds digit of f?
5
What is the units digit of 12*68/8*6?
2
Suppose 1059 = f + 5*z - 6*z, -5*f + z + 5307 = 0. What is the thousands digit of f?
1
Let v(s) = s**2 - 5*s + 6. Let c(h) = 2*h**2 - 9*h + 11. Let t(n) = 4*c(n) - 7*v(n). What is the tens digit of t(-4)?
2
Let s be ((-1)/(-2))/((-2)/(-12)). Suppose 8*v - 1 = 15. Let k = v + s. What is the units digit of k?
5
Suppose 0 = 4*n - 3*n. Suppose -l = 5*c - 5*l - 216, 5*c - 2*l - 208 = n. Suppose 2*y = -2*a + c, 0 = y - a - 40 + 10. What is the tens digit of y?
2
Let p(w) = w**3 + 7002 - 6987 + 0*w**3 - 15*w**2 + 13*w. Suppose -3*h = -h + 2*i - 32, 4*i - 8 = 0. What is the units digit of p(h)?
1
Suppose 17*o - 243 = 8*o. Suppose -485 = -4*g + o. What is the tens digit of g?
2
Let v be -1 + 4/(-8)*-6. Let w be (1/2)/(v/68). Suppose 8*b - 7*b = w. What is the units digit of b?
7
Suppose -4*c + 9*r + 296 = 8*r, 280 = 4*c + 3*r. What is the tens digit of c?
7
Let n(b) = b**3 + 16*b**